the remainder when 64921442 is divided by 368?
354
What is the remainder when 909850 is divided by 227461?
6
Calculate the remainder when 39649 is divided by 626.
211
Calculate the remainder when 1378018 is divided by 75.
43
Calculate the remainder when 489856 is divided by 2016.
1984
Calculate the remainder when 170625791 is divided by 6.
5
Calculate the remainder when 247496 is divided by 122803.
1890
What is the remainder when 10542826 is divided by 29?
21
Calculate the remainder when 161201954 is divided by 101.
96
Calculate the remainder when 185156237 is divided by 167.
164
Calculate the remainder when 4963254 is divided by 9.
6
Calculate the remainder when 53571009 is divided by 1930.
1929
What is the remainder when 8571 is divided by 6671?
1900
What is the remainder when 1334091 is divided by 740?
611
What is the remainder when 224109 is divided by 477?
396
Calculate the remainder when 24022 is divided by 5669.
1346
Calculate the remainder when 137970669 is divided by 1592.
1581
Calculate the remainder when 114526646 is divided by 2149.
2138
What is the remainder when 57584965 is divided by 56?
53
Calculate the remainder when 45436 is divided by 11.
6
What is the remainder when 74688 is divided by 4979?
3
Calculate the remainder when 79287788 is divided by 1257.
1256
Calculate the remainder when 1026773 is divided by 342252.
17
What is the remainder when 3518359 is divided by 224?
215
What is the remainder when 9214294 is divided by 317734?
8
What is the remainder when 11283923 is divided by 315?
308
What is the remainder when 2078988 is divided by 308?
296
Calculate the remainder when 196238 is divided by 349.
100
Calculate the remainder when 299941 is divided by 3936.
805
What is the remainder when 10786022 is divided by 131?
6
Calculate the remainder when 1731209 is divided by 8.
1
What is the remainder when 228238 is divided by 111?
22
What is the remainder when 11239231 is divided by 837?
832
What is the remainder when 262713 is divided by 12508?
45
Calculate the remainder when 295640 is divided by 750.
140
Calculate the remainder when 593288 is divided by 17968.
344
What is the remainder when 78362 is divided by 278?
244
What is the remainder when 29496676 is divided by 3687084?
4
What is the remainder when 1583924 is divided by 395980?
4
Calculate the remainder when 218454 is divided by 979.
137
Calculate the remainder when 615169 is divided by 105.
79
Calculate the remainder when 206406 is divided by 12130.
196
Calculate the remainder when 143000 is divided by 7278.
4718
What is the remainder when 20104501 is divided by 51?
46
What is the remainder when 20048572 is divided by 20048569?
3
What is the remainder when 46287546 is divided by 50?
46
Calculate the remainder when 3101130 is divided by 38.
26
What is the remainder when 5144418 is divided by 5143956?
462
What is the remainder when 2051107 is divided by 170921?
55
What is the remainder when 3615078 is divided by 1807535?
8
Calculate the remainder when 765477 is divided by 434.
335
Calculate the remainder when 66653 is divided by 22070.
443
What is the remainder when 1360372 is divided by 453455?
7
What is the remainder when 358510 is divided by 32344?
2726
What is the remainder when 2953494 is divided by 984061?
1311
Calculate the remainder when 119641 is divided by 29848.
249
What is the remainder when 1312474 is divided by 93743?
72
Calculate the remainder when 807275 is divided by 2914.
97
Calculate the remainder when 313986319 is divided by 940.
939
What is the remainder when 15690002 is divided by 1292?
1246
Calculate the remainder when 2945958 is divided by 1908.
6
What is the remainder when 89292 is divided by 14838?
264
What is the remainder when 36479 is divided by 8855?
1059
Calculate the remainder when 316829 is divided by 315029.
1800
What is the remainder when 1223967 is divided by 611981?
5
What is the remainder when 46913054 is divided by 32?
30
What is the remainder when 2228863 is divided by 12?
7
Calculate the remainder when 10480 is divided by 9731.
749
Calculate the remainder when 55511406 is divided by 193.
167
Calculate the remainder when 180861 is divided by 79.
30
What is the remainder when 28591878 is divided by 35?
28
Calculate the remainder when 476042 is divided by 20112.
13466
What is the remainder when 32255 is divided by 4686?
4139
What is the remainder when 171698 is divided by 3080?
2298
Calculate the remainder when 8795917 is divided by 4397932.
53
Calculate the remainder when 1795936 is divided by 256538.
170
Calculate the remainder when 39637311 is divided by 2.
1
What is the remainder when 2761226 is divided by 19?
13
What is the remainder when 27501 is divided by 13743?
15
Calculate the remainder when 2079798 is divided by 3122.
546
Calculate the remainder when 115189 is divided by 354.
139
Calculate the remainder when 2432041 is divided by 115793.
388
What is the remainder when 130456 is divided by 218?
92
What is the remainder when 1258866 is divided by 409?
373
Calculate the remainder when 1360886 is divided by 43896.
110
Calculate the remainder when 35778 is divided by 1004.
638
What is the remainder when 74768525 is divided by 21?
20
What is the remainder when 448071 is divided by 10659?
393
Calculate the remainder when 29921635 is divided by 19.
17
Calculate the remainder when 55676 is divided by 11076.
296
Calculate the remainder when 28154410 is divided by 23.
18
What is the remainder when 879615 is divided by 67662?
9
Calculate the remainder when 284733 is divided by 850.
833
Calculate the remainder when 8847409 is divided by 1430.
1429
Calculate the remainder when 1576491 is divided by 33.
15
What is the remainder when 2267383 is divided by 1065?
1063
What is the remainder when 124159 is divided by 13561?
2110
Calculate the remainder when 70435015 is divided by 337.
330
What is the remainder when 29000069 is divided by 11?
10
What is the remainder when 106008 is divided by 2000?
8
What is the remainder when 82906460 is divided by 19?
17
What is the remainder when 24658162 is divided by 12329073?
16
What is the remainder when 14569627 is divided by 792?
787
What is the remainder when 379950 is divided by 139?
63
Calculate the remainder when 6468402 is divided by 7384.
18
What is the remainder when 10554187 is divided by 18?
13
Calculate the remainder when 61369910 is divided by 258.
224
Calculate the remainder when 6420251 is divided by 3934.
3897
Calculate the remainder when 69312 is divided by 13754.
542
Calculate the remainder when 1498508 is divided by 187307.
52
What is the remainder when 1673734 is divided by 167370?
34
Calculate the remainder when 81892 is divided by 159.
7
What is the remainder when 615984 is divided by 526?
38
What is the remainder when 284455349 is divided by 6?
5
Calculate the remainder when 343620 is divided by 31202.
398
What is the remainder when 571098 is divided by 25?
23
What is the remainder when 248773 is divided by 27076?
5089
What is the remainder when 8543559 is divided by 52738?
3
What is the remainder when 1489680 is divided by 5264?
5232
What is the remainder when 677822 is divided by 27?
14
What is the remainder when 3195411 is divided by 798850?
11
What is the remainder when 528712 is divided by 176222?
46
What is the remainder when 859291 is divided by 67?
16
What is the remainder when 245017 is divided by 911?
869
What is the remainder when 3419617 is divided by 7600?
7217
What is the remainder when 10419958 is divided by 41847?
55
Calculate the remainder when 1071592 is divided by 1786.
1778
What is the remainder when 1623727 is divided by 60102?
973
What is the remainder when 2414498 is divided by 2824?
2802
Calculate the remainder when 11826921 is divided by 137.
122
Calculate the remainder when 42649 is divided by 2502.
115
What is the remainder when 524022 is divided by 174626?
144
Calculate the remainder when 9390192 is divided by 431.
426
Calculate the remainder when 38750698 is divided by 60.
58
Calculate the remainder when 4334324 is divided by 461.
2
What is the remainder when 62044 is divided by 61396?
648
Calculate the remainder when 5636560 is divided by 941.
911
Calculate the remainder when 3321652 is divided by 437.
15
What is the remainder when 10238 is divide